the remainder when m is divided by 43?
26
Suppose -4*k + k = 2*p - 17, -k - 3*p = -8. Suppose k*s = 2*y + 23, -4*y + 5*s = 28 + 43. Let w = y - -81. Calculate the remainder when w is divided by 12.
9
Let k = -3250 - -3517. Calculate the remainder when k is divided by 55.
47
Let k(x) = -3*x**3 + 10*x**2 + 3*x - 6. Let s be k(6). Let y = s + 557. What is the remainder when y is divided by 47?
46
Suppose 0 = -2*x + x - 2*i + 8, i = -3*x + 34. Let r(j) = -j**3 - 10*j - 38. Calculate the remainder when r(-3) is divided by x.
7
Let a = 10772 - 6356. What is the remainder when a is divided by 94?
92
Let p(w) = -w**3 - 5*w**2 - 29*w - 77. Calculate the remainder when p(-8) is divided by 35.
32
Let b(s) = 13*s**2 + 3*s + 2. Suppose 48*l - 1269 = 8907. What is the remainder when l is divided by b(-1)?
8
What is the remainder when 0 - (7 + 2/(7/(-1799)*2)) is divided by 135?
115
Let q be -6 - -6 - ((-228)/1 - -1). Let a = -151 + q. What is the remainder when a is divided by 20?
16
Suppose 24 = 3*s, -20*s + 16*s = 2*a - 1812. What is the remainder when a is divided by 182?
162
Calculate the remainder when -5 + (-13)/(-5) + -2 + (-7656)/(-15) is divided by 222.
62
Let a = 76 - 53. Let o(d) = -2*d - 34. What is the remainder when a is divided by o(-20)?
5
Suppose 0 = 3*u + u + 5*p - 34617, -4*u = -4*p - 34644. Let i be (-2)/(-17) - u/(-102). Suppose 0*t + 5*t = i. What is the remainder when 49 is divided by t?
15
Suppose 2358 + 554 = 112*i. Calculate the remainder when 6499 is divided by i.
25
Suppose -2*y = 4*f - 4158, 2*y + 5*f - 693 = 3466. Calculate the remainder when y is divided by 11.
9
Suppose -28*z - 857 = -1081. What is the remainder when 2764 is divided by z?
4
Let c = 75 + -30. Let p be (102/(-4))/((-24)/32). Let i = c - p. Calculate the remainder when i is divided by 7.
4
Let v be (352/(-48))/(4/42). Let h = -67 - v. Calculate the remainder when 35 is divided by h.
5
Calculate the remainder when 700 is divided by (-18)/(-21) - 1 - 3040/(-112)*1.
25
What is the remainder when 823 is divided by 105 - 1 - (-414 + 400)?
115
Let j = 258 - 248. Let f = j + 16. Suppose 4*p - t - 197 = 0, 4*t = -3*p - 0*t + 143. What is the remainder when p is divided by f?
23
Let i = 24553 + -24494. What is the remainder when i is divided by (-2 + 4)*(1 - -9)?
19
Let c = -11160 + 11225. What is the remainder when 344 is divided by c?
19
Let j(n) = -99*n. Let b be j(-1). Let t(d) = -d**2 + 48*d - 67. Let i be t(43). Let v = i - b. What is the remainder when v is divided by 17?
15
Suppose 0 = 3*g - 4*n - 522, 884 = 5*g + 4*n - 6*n. Let j = g + -72. Let q = j + -96. Calculate the remainder when 18 is divided by q.
8
Let r(z) = 37*z**3 - 73*z**2 + 9*z + 28. Let q(o) = -25*o**3 + 49*o**2 - 6*o - 19. Let h(g) = 7*q(g) + 5*r(g). What is the remainder when h(4) is divided by 31?
28
Suppose 4*l = -5*u + 70, 0*u - 20 = -u - 2*l. Let d(j) = -j + 12 + 13 + 4*j + j. Calculate the remainder when d(u) is divided by 11.
10
Let m(l) = -10*l - 90. Let z be m(-11). Suppose -z*g + 24*g - 268 = 0. What is the remainder when g is divided by 24?
19
What is the remainder when 49 is divided by ((-15)/(-10))/(36/816)?
15
Let j(z) = -413*z + 1661. Suppose -6 - 1 = -2*m + 5*q, -2*m + q + 11 = 0. Suppose m + 20 = t. Calculate the remainder when t is divided by j(4).
8
Let d(c) = -c**2 + 10*c - 16. Let s be d(7). Suppose j + 0*j - 186 = 4*w, s*w - 3*j + 236 = 0. Let v = w + 86. Calculate the remainder when v is divided by 16.
8
Let u = -27 - -35. Suppose u = -h + 11. Suppose -5*y = -h*w - 36, 0 = 2*y - w + 6 - 20. Calculate the remainder when 14 is divided by y.
2
Suppose -3*n = -5*s - 154, -5*n = -5*s + 4638 - 4848. Suppose 2*t - 1595 = -255. Calculate the remainder when t is divided by n.
26
Calculate the remainder when (-26 + 32)/(-30) + 1091/5 is divided by 100.
18
What is the remainder when -32*(138/(-12) - -10) is divided by 9?
3
Let m = -845 + 467. Suppose -4*h = 5*w - 132, -4*w - 968 = h - 1001. What is the remainder when 1/((-3)/(m/2)) is divided by h?
30
Calculate the remainder when (-36)/(-450) - (-4257)/225 is divided by 12.
7
Let g be 2*(-9)/(108/(-42)). Suppose -g*y + 400 = 13*y. What is the remainder when 74 is divided by y?
14
Let b = -35 + 118. Suppose -4*l = 2*a - 55 - 87, 3*a - 120 = -3*l. What is the remainder when b is divided by l?
21
Suppose 8*h - 9*h = 6. Suppose l = -d - 2*l + 16, -5*d = -3*l - 44. Calculate the remainder when h/45 - (-2288)/60 is divided by d.
8
Suppose -10*m = -7252 + 2832. Let c = -373 + m. Calculate the remainder when c is divided by 14.
13
Calculate the remainder when 353 is divided by -27 + 61 - (-5)/(-1).
5
Let x = -18337 - -18374. Calculate the remainder when 2056 is divided by x.
21
Let b be -3 + 4 - 3/((-9)/123). Let o be (b/24)/(2/72). Suppose 4*i = -3*i + o. Calculate the remainder when 18 is divided by i.
0
Suppose 4*y - 20 = -4*d, d - 3 + 14 = 3*y. Suppose 2*x + 5*j - 20 = 9*j, -4*x + 40 = -y*j. What is the remainder when 137 is divided by x?
7
Suppose 4*b = 7*b - 138. Let c(a) = 133*a - 10. Let n be c(10). Suppose 13*t - 1046 - n = 0. What is the remainder when t is divided by b?
44
Let a = -8213 - -11151. What is the remainder when a is divided by 42?
40
Suppose -4*x + w + 3404 = -3*w, w - 3379 = -4*x. Calculate the remainder when 62 is divided by x/36 - (-2 - 12/(-8)).
14
Let q be (3 - 1)/(22/3091). Suppose -16 = 5*h - q. Let n = 322 + -304. Calculate the remainder when h is divided by n.
17
Let l(c) = -c**2 + 39*c + 28. Let z(r) = -r**2 + 39*r + 28. Let t(j) = -6*l(j) + 5*z(j). Calculate the remainder when 227 is divided by t(40).
11
Let d = 6880 + -6841. What is the remainder when 285 is divided by d?
12
Suppose -809*u + 813*u = 12. What is the remainder when 12 is divided by u?
0
Suppose -8024*n + 7997*n = -3915. Calculate the remainder when n is divided by 46.
7
What is the remainder when (-5008)/12*-3*(-2 + (-90)/(-40)) is divided by 17?
7
Suppose 0 = 3*c - 4*n - 7524, c - 2*n = -0*c + 2508. Suppose -5*f - 14*f + c = 0. Calculate the remainder when f is divided by 27.
24
Suppose -4*h + 92 = -p - 71, 4*h = 3*p + 153. Suppose 0*o + 2*o = h. Suppose -t - 3*j = -78, t + 5*j - j = 77. Calculate the remainder when t is divided by o.
18
Let q(b) = -b**3 - 17*b**2 + 16*b - 28. Suppose 0 = -3*d - 6, 92 = 4*m - d - d. What is the remainder when m is divided by q(-18)?
6
Let z(a) = -2*a**2 - 39*a - 8. What is the remainder when (18 - 1) + (1 - (-4 + 6)) is divided by z(-19)?
5
Let r(p) = -p**3 + 7*p**2 + 8*p - 20. Let u be r(8). Let f = u + 13. Let l = f + 33. Calculate the remainder when 128 is divided by l.
24
Let u be 4/1 + 0 - 2. Suppose u*g = -0*j - j + 19, -2*g = -3*j + 33. Suppose 8*b = 32*b - 504. What is the remainder when b is divided by j?
8
Let u = 36 + -1. Let a(b) = 3*b**2 + 13*b + 32. Let o be a(-8). What is the remainder when u is divided by o/(-72)*117/(-15)?
9
Let w(v) = 2*v**3 - 5*v**2 - v - 9. Calculate the remainder when (5 + 7 + -5)/(1/19) is divided by w(4).
28
Suppose 0 = 5*w + 19 - 4. What is the remainder when 42 is divided by -3 + (-1 + w)/(34/(-221))?
19
Suppose -199*q + 209*q + 272 - 3182 = 0. Calculate the remainder when q is divided by 88.
27
Let q(b) = 89*b - 7. Let n(l) = -12*l - 71. Let j be n(-6). Calculate the remainder when q(j) is divided by 29.
24
Let d = 136 - 129. What is the remainder when -3 + d + 1 - -71 is divided by 27?
22
What is the remainder when 5046/24 + 2/(-8) is divided by 106?
104
Let v(c) = -27*c - 5. Let a be (-12)/(2 - 3 - -3). What is the remainder when v(a) is divided by 32?
29
Suppose -r = -5, m - 17 = 3*r + 19. Suppose -16*h + 673 = 9569. Let y = -543 - h. Calculate the remainder when m is divided by y.
12
Let f = -97 - -388. Suppose f = 3*r + 2*l, -3*r - 5*l + 200 + 91 = 0. Calculate the remainder when r is divided by 52.
45
Let u = -244 - -286. Let q = -4 + 20. What is the remainder when u/(-2*5/(-15)) is divided by q?
15
Let a be (-3 - -4)/((-11)/(-187)). Suppose -5*o - 19 = -2*x, -a*x + 45 = -14*x - 2*o. What is the remainder when 46 is divided by x?
12
Let m = -496 - -579. Calculate the remainder when 494 is divided by m.
79
Let l = -172 + 180. Calculate the remainder when 266 is divided by -4 + (57 - ((4 - l) + 3)).
50
Let j = -2678 - -4371. Calculate the remainder when j is